-32 + 8 + -6.
-27
1 - 22 - (25 - (101 + -59))
-4
Evaluate ((-123 - -46 - (0 - 2)) + -11 - -6) + -5.
-85
24 + (-37 - -51) + -25
13
Evaluate -7 - (68 - 65) - -24.
14
Evaluate -11 - ((-1 - -5 - 0) + -3 + -10).
-2
Calculate (-3 - 63 - -1) + (-1 - 1) - (-42223 - -42220).
-64
Evaluate 9 - (1 - (34 - 18 - (-74 + 8))) - 6.
84
Calculate -20 - (-8 + -8 + 3 + (21 - -55)).
-83
What is the value of -16 + (68 - 31 - -12) - 8?
25
-2122 + 2114 - (-18 + (0 - 2) + -1)
13
What is -2 + -1 - 3 - ((-27 - -249) + -154)?
-74
What is 6 - 4 - 43 - (49 - (47 + 4))?
-39
Calculate (-3 + -15 + 7 - 49) + -2.
-62
-1 - (-14 - -1 - (-848 - -847))
11
11 - (0 + -13 + (-31 - -19 - -28))
8
Evaluate -21 + (-340 + 309 - (-5 + -52)).
5
Evaluate 2860 - 2806 - (2 - 5).
57
What is the value of 233 + -79 - (206 + -80)?
28
60 + -89 + 114 - 29
56
-1 + 9 + 6 + -17 + (-7 - -110) + -8
92
What is 3 + -14 - (22 - -63 - 91)?
-5
What is -5 + -3 + -3 + (-9 - (-21 - 0))?
1
Calculate (-3 - 8) + -4 + -21 + 59.
23
What is 0 - -19 - (7 + (-20 - (-35 + -22)))?
-25
(-9 - 1) + (8 - (-14 + -7 - (-1 - -4)))
22
What is the value of 55 - (-1396 + 1447 - (22 + -1))?
25
What is -26 + (3 - -3) + -21 + 34 + -18?
-25
Evaluate -974 - -1003 - (69 + -1).
-39
What is (-13 - -4) + (46 - 32) + 39?
44
What is -4 + (80 - (-2 - (-9 - 9 - -7))) - 7?
60
-32 - -9 - (-37 + -12)
26
Evaluate (425 - 415) + (-3 - -1) + (4 - 11) - -45.
46
What is the value of 2 + 11 + (23 - (-19 - -23))?
32
Calculate (-2 - (39 - 9)) + (-241 - -263) + -9 + -1.
-20
What is the value of 11 - (3 + 1 + 7) - (15 - (1 - 6))?
-20
Calculate (1004 - 937) + (-42 - 0).
25
Calculate 11 + -73 + 7 + -5.
-60
Calculate (-30 + 1 - (-34 + 15)) + 64.
54
What is 292 - 345 - (3 - 55)?
-1
Calculate 13 + (-2 + (-1 - 1) - (-31 - (73 - 106))).
7
What is -2213 - -2236 - (0 + 32)?
-9
What is the value of -33 + (-34 - -44) - -22?
-1
What is the value of 70 + 81 - 239 - (1 + 5)?
-94
What is 70 + -1 + 0 + (-180 - -77 - -95)?
61
What is -1 + 42 + (-2288 - -2289)?
42
-1350 - -1377 - (27 - -2)
-2
What is the value of (-9 - (-1 - 0) - -2) + (-11 + 64 - 33)?
14
What is (-6 - (-13 + 14)) + 110 + -19 + 8?
92
Calculate (-5 + -1 - ((-10 - 6) + 9)) + 0.
1
Calculate (-1 - 1) + (26 - 0 - (62 + -33 - 50)).
45
What is the value of 97 - (-123 + 125 + -33)?
128
-4 - -12 - -1 - (64 + -50)
-5
-48 - (-4 + (7 - 14 - 10) - -9)
-36
Calculate -45 - (21 + (38 - 65) + -65).
26
(2 - (14 + -22 - -10)) + (-4 - 16)
-20
What is the value of -34 - 5 - (145 - 191)?
7
What is 92 - (2 + 13 - (42 + -31) - -4)?
84
What is 913 - 993 - (-4 + 5 - 30)?
-51
Evaluate (213 + -217 - (-3 + 0)) + 4 + (-34 - 1).
-32
What is the value of 11 - (40 + 26 - 77)?
22
(-35 - 4) + 2 + (5 - 1) + (-171 - -175)
-29
What is the value of 57 + 25 + 17 + -22 + -15?
62
Calculate (39 - (13 + 34) - 4) + 43.
31
Calculate 84878 + -84879 + 1 + -2 + -93.
-95
What is the value of -14 - (-58 + 9 + 12)?
23
52 + 38 + -19 + -21
50
(-21 - (-4 + 1) - (-32 + 24)) + -16 - -2
-24
Calculate -109 + 107 - (16 + -45).
27
What is 160 - 137 - ((13 - (5 - 0)) + -2 + 0)?
17
What is the value of -2507 - -2507 - (-33 + 0 - (-13 - -6 - -6))?
32
Evaluate -47 - (-2 + -8 + 15 + -6 + -6).
-40
What is -83 + 102 + -2 + -27 - 0?
-10
Calculate -1 - (-6 + -2) - (112 + (35 - (18 - -41))).
-81
Calculate 18 + (-8 + -2 - (-16 + 8 + 11 + -15)).
20
(3 - -55) + (-4 - 2) + 3 - 4
51
What is 34 - (42 - (14 + 31))?
37
Calculate (8589 - 8569) + (0 - 14).
6
What is the value of (-61 - -69) + 18 + 1 + 31?
58
What is (-14 - -9 - -6) + (5 - 17)?
-11
Calculate (11 - 34 - -14) + -26 + 0 + 0.
-35
Evaluate 25 + (29 - (1 + 137 + -3)).
-81
What is the value of 35 + (-129 - -60) - 34?
-68
80 + -94 + -107 - -106
-15
Evaluate 151 + (-43 - (24 - 47) - 3).
128
What is the value of -2 + 1 + (58 - ((46 - 62) + 61))?
12
Evaluate -8 - ((-24 - -23) + -3) - (11 - 4).
-11
What is the value of 155 + -197 - (2 + (2 - 20))?
-26
Evaluate -56 + (7 - (-8 - -2)) + -37 + 27.
-53
What is (-9 - -12) + (0 - -2) + (-256 - -203)?
-48
What is the value of 9 + 56 + 169 + -133?
101
What is the value of (-85 - (102 + -109)) + 62?
-16
-7 - 1 - (57 + (20 - 43)) - (-3 + 0)
-39
What is the value of 0 + -3 + (143 - (253 + -115))?
2
What is (-13 - -20 - 7 - -9) + -11 + 37?
35
What is the value of -7 + -1 + -74 + (-29 - -21) + 9?
-81
Calculate 32 - (447 + -337 + (-28 - 0)).
-50
1432 + -1375 + (-1 - 37)
19
Calculate -46 - (15 + 16 + -100).
23
Evaluate -91 - (21 - ((-17 - -21) + -9 - -2)).
-115
70 + 100 + -65 + -69
36
What is the value of -65 + 8 - (-95 - -29) - (0 + 12)?
-3
What is the value of -39 - (-78 + 79 - (4 + -2 + 2))?
-36
Calculate -5 + 50 + (-102 - -39).
-18
What is the value of -7 + (1 - (-10 + 0 + 7)) + 9?
6
Calculate (-3 - -4) + 11 + -2 - (29 - (61 - -36)).
78
What is -22 + (22 - (58 - 102))?
44
Evaluate (-34 - -3 - -5) + (-18 - (12 + -14)).
-42
What is 139 + -127 + (115 - (-40 + 22))?
145
What is the value of -54 + (-16 - (-16 + (-17 - -11))) + -9?
-57
Calculate (69 - -7) + -1 - (54 - (53 + -5)).
69
What is the value of -4 + -10 - 2 - (-154 - -122) - 9?
7
(-10 + 6 - 4) + (-5 - (2 - -6))
-21
(-20 - (-37 - (-6 + 3))) + 30
44
(113 - -5) + (-5 + -5 - -3)
111
-49 - (-43 - -75 - 85) - (0 - 27)
31
What is the value of (-27 - 5) + (-11 - -14 - -24)?
-5
What is the value of -146 + 143 - ((-11 - (2 - 8)) + 57)?
-55
105 - (-129 - -105 - -99)
30
Evaluate 50 + (-12 - (96 - 35)).
-23
Calculate 8 + -3 + 18 - (-30 - -19).
34
Calculate -67 - ((5 - 16) + 6 + 11) - 14.
-87
Calculate 126 - (145 - (-6 - -108)).
83
Evaluate -1 + 54 - (-1334 - -1337).
50
What is the value of (13 - -72) + 92 - 124?
53
What is the value of -22 - (63 + 0 + -13 + -23 + 15)?
-64
Evaluate -69 - -58 - 6 - (-49 - -1).
31
Calculate -97 + (31 - (-10 - 11)).
-45
Calculate (-40 - -25 - (2 - 5)) + 4 + 9.
1
What is -26 - (-22 - (4 - (-5 + (10 - -10))))?
-15
What is 140 + 3 + 6 + 64 + (48 - 133)?
128
What is the value of 28 - (-49 - (30 - 49))?
58
What is the value of -6 + (-92 - -129) - (13 - -3)?
15
(-23 + 0 - (-269 + 257)) + 32
21
-16 + (180 + -292 - (-6 + -8))
-114
Evaluate -60 + 28 + -14 - -55.
9
Calculate 10 - (-11 + -125 + 70).
76
Calculate 8 - (5 - (-8 - -20) - (-58 - -44)).
1
What is 19 + (24 - (17 + 26 + 7))?
-7
What is the value of -1 - (18 + -1) - (-602 - -596)?
-12
What is (57 + -8 - 25) + (2 - 152) - 13?
-139
What is -3 + -7 + -7 - (-3 - (38 + -28))?
-4
What is the value of -49 + 131 + -215 + 111?
-22
-38 + -2 + -1 - (-10 - -100 - 106)
-25
What is 49 - 32 - 30 - (4 + (5 - (4 + -1)))?
-19
What is -15 - (57 + -13) - -45?
-14
What is 53 - (-14 + 1 - ((-9 - -6) + (13 - 15)))?
61
What is the value of -33 + 6 + 15 + -5 + 3?
-14
Evaluate (-4 - -16) + 5 + 18 + -1 + -15.
19
Evaluate -15 + (-16 + -2 - (683 - 695)).
-21
What is 1 + -2 + 80 + (-13 - 21) + (40 - 10)?
75
What is -22 + 30 - 14 - (12 + 10)?
-28
Evaluate (-2 - 69) + (48 - 49 - (0 + -6)).
-66
Evaluate 16 + -10 + -10 - ((-36 - -45) + (-6 - -1)).
-8
Evaluate 57 + (69 - 10 - 72).
44
What is (1 - -25) + (-6 + 7 - -4) + (-19 - -5)?
17
What is the value of (-2 - 11) + 0 + 6 + 63 + -3?
53
Evaluate 21 + (24 - 13) + (-7 - (-11 + (6 - -3))).
27
172 + -83 - -2 - 81
10
Calculate (-6 - -10 - 48 - -34) + -90 - (0 - -5).
-105
95 - (83 - -19) - (2 + 1 + -28)
18
17 + -79 + 26 + 27 + 60 + (0 - 13)
38
Evaluate -9 + (52 - (-15 + 22)) + 10.
46
Evaluate -68 + (-3 - ((-8 - -16) + -26) - 29).
-82
Evaluate (9 - (22 - (13 - (6 - -2)))) + 38.
30
Evaluate 3 + 1 - (14 - (55 + (-14 - 41))).
-10
Evaluate -52 - (-16 + 1) - -39.
2
Calculate -7 + (-12 + 6 - 2) + 9 - (-17 - -31).
-20
Calculate 45 + 63 + -171 + 14.
-49
Calculate -110 - (42 - (149 - 47)).
-50
What is the value of -105 + 36 + 112 - 97?
-54
What is 55 + 59 + -21 - 185?
-92
Evaluate -361 + 362 - (-7 + 2 - -5).
1
Evaluate 22 + (-7 - -4) + 12 + (-16 - -10) - 6.
19
What is the value of 16 + (-6 - (4 + 5 + -4 + 1)) + 12?
16
What is (50 - (-7 - -50 - -73)) + -26?
-92
Calculate -39 - (50 - (-27 - -68)).
-48
Calculate (-3 - -5) + -4 + 7 + -5 + 11 + -2.
9
What is the value of (19570 - 19591) + -98 + 1?
-118
What is 14 + -14 + 62 - 58 - (1 - 121)?
124
What is -3 - -2 - -2 - (13 + (-20 - -14 - 30))?
24
What is (170 - 168 - (-1 - 5)) + (-83 - (0 - 0))?
-75
What is -2 + 1 + (83 - (-25 + 70))?
37
What is (-2 - 0 - -18) + (-90 - (-24 - 12))?
-38
Evaluate (6 - 6) + 8 + (14 - 8) - -29.
43
What i